rs of q.
2
Suppose 1 = 4*g - 5*g. Suppose -4*w - 7 + 15 = 0. List the prime factors of 5 + (-1 - g) + w.
7
Suppose -5*c - 433 = -4*h + 9, -105 = -h + 4*c. What are the prime factors of h?
113
Let y be 7/(-3) + (-1)/(-3). Let c be (-408)/(-15) + y/10. What are the prime factors of c/(-2)*12/(-9)?
2, 3
What are the prime factors of (-6)/27 - 1952/(-36)?
2, 3
Let n(i) = -i + 8. Let j be n(6). Let g(l) = -2*l**2 + 5 + 2 + j*l**2 + l - l**2. What are the prime factors of g(0)?
7
Let a(o) = o**2 - 2*o - 2. Let h be a(3). Suppose 19 = 4*c - h. Suppose -3*i = -c*g + 28 - 3, 0 = 3*g + 2*i - 15. What are the prime factors of g?
5
Let y = 15 + -13. What are the prime factors of y/(-8) + (-336)/(-64)?
5
Let j(f) be the first derivative of f**6/120 - f**5/20 - f**4/6 + f**3/3 - f**2 + 3. Let u(z) be the second derivative of j(z). List the prime factors of u(4).
2
Let q = -1 - -6. Let h be (1 + 3)*10/8. Suppose -h*v - 8 = q*j - 23, -3*j = -v - 9. What are the prime factors of j?
3
Let x(m) = m**2 + 4*m - 10. What are the prime factors of x(8)?
2, 43
Let g be 16 + 0/3*1. Let z = g - 12. List the prime factors of z.
2
Let h = 5 + 55. Suppose h = 4*l - 8. Suppose 4 = 3*p - l. What are the prime factors of p?
7
Suppose 3*t - 21 - 3 = 0. Suppose -2*p + 46 = -2*v, -p + t = 3*v - 15. List the prime factors of p.
23
Suppose -5*f = -223 - 507. List the prime factors of f.
2, 73
Suppose 4*c = 412 + 308. List the prime factors of c.
2, 3, 5
Let r be (16/(-12))/(2/9). What are the prime factors of (-12)/(-27)*r*-3?
2
Let m = 9 - 4. What are the prime factors of ((-14)/m)/((-5)/25)?
2, 7
Suppose -4*i - 4*v + 828 = 0, -4*i + 3*i = -v - 201. What are the prime factors of i?
2, 3, 17
Let c(l) = 4*l - 28. List the prime factors of c(14).
2, 7
Suppose -2*v - 193 = -a, 5*a - 6*v + 5*v = 947. List the prime factors of a.
3, 7
Suppose -4*g + 3*g + 74 = 0. Suppose 2*k + g = 4*q, k - 26 = 3*q - 4*q. List the prime factors of q.
3, 7
Let y = 11 - 11. Suppose y*j = -j + 31. What are the prime factors of j?
31
Suppose 0*q + 14 = q. Suppose q = 2*k + c, 4*c = 2*k - 0*k - 24. What are the prime factors of k?
2
Let m(w) = -26*w - 3. What are the prime factors of m(-2)?
7
Suppose 4*l - 27 - 229 = 0. List the prime factors of l.
2
Suppose 0 = -3*q + 4*q - 4*w - 82, 104 = 2*q + 4*w. What are the prime factors of q?
2, 31
Let j = 7 + -1. What are the prime factors of (j/(-5))/((-3)/30)?
2, 3
Let y be (-6)/4*16/(-12). Suppose -y = -2*u + 2. List the prime factors of u.
2
Let k(i) = -i**3 - 9*i**2 - 8*i - 3. Let a be (-6)/1 - (2 - 0). Let u be k(a). What are the prime factors of ((1*u)/(-1))/1?
3
List the prime factors of (-1 + 1 + 1)/(5/1520).
2, 19
Let p = 26 - 5. What are the prime factors of p?
3, 7
Suppose 90 = 5*q - 10. List the prime factors of q.
2, 5
Let k = 4 + -2. Suppose 0 = k*g - 3 - 5. Suppose -n - 2*s = -20, 5*s = g*n - 61 + 7. What are the prime factors of n?
2
Suppose 4*c - 4 + 28 = 0. List the prime factors of (4/(-6))/(c/81).
3
Let s be -9*1/(-1 - 2). Suppose -s*u = 2 - 32. What are the prime factors of u?
2, 5
Let g(v) = 15*v**2 - v + 2. Let a be g(2). List the prime factors of 1965/a + (-6)/8.
2
Let m be ((-3 + 3)/(-2))/2. Let h = 12 - m. List the prime factors of h.
2, 3
Suppose 35 = -8*d + 507. List the prime factors of d.
59
Suppose f = -t + 173, -837 = -3*t - 2*t + 2*f. What are the prime factors of t?
13
Suppose 0 = -s - 0*s. Let a be 1 + 6 - (s - -2). Suppose -4*o = -a*o + 7. What are the prime factors of o?
7
Suppose 5*a = -17 + 67. Let l be 10/4*(-2)/(-1). Let x = a - l. What are the prime factors of x?
5
Suppose -4*y - 370 = -5*k, 0 = -5*y - 20 - 5. What are the prime factors of k?
2, 5, 7
Suppose -4*x = -11*x + 665. List the prime factors of x.
5, 19
Let k = -7 + 10. Suppose -12 = -k*b - 3. Suppose 2*g = b*g - 4. List the prime factors of g.
2
Suppose -24 = 4*a - 2*t + 4, -5*a - 35 = 5*t. Let q = 11 + a. Suppose -6 = -4*f - 2*m, -4*m + q - 6 = f. What are the prime factors of f?
2
Suppose 4*s - 4*z - 85 = s, -1 = z. List the prime factors of s.
3
Let y(i) = 7*i - 1. Let p be y(1). Let g be 3*((-8)/p)/(-1). Let d = g + 0. What are the prime factors of d?
2
Suppose -i + 7 = 3*k, -2*k + i - 3*i + 6 = 0. Suppose k*y + y - 27 = 0. List the prime factors of y.
3
Suppose 14*x = -1428 + 4970. List the prime factors of x.
11, 23
Suppose -k + 1 = 2, i - 63 = 5*k. List the prime factors of i.
2, 29
Suppose 5*l = -3*v - 3, 2*v + 2*l = -v + 6. Suppose -5*h = 3*j + 2*j + 285, 3*h = v*j - 192. List the prime factors of (12/(-10))/(6/h).
2, 3
Let s = 5 + 77. List the prime factors of s.
2, 41
Suppose -4*v - r + 88 = -189, -133 = -2*v + 5*r. List the prime factors of v.
3, 23
Let v = -38 - -64. What are the prime factors of v?
2, 13
Let t = 82 + 248. List the prime factors of t.
2, 3, 5, 11
Let g = -29 - -230. List the prime factors of g.
3, 67
Let z(o) = 3*o**2 + o + 1. Let b be z(-1). Suppose -2*m - b + 11 = 0. What are the prime factors of m?
2
Let p be (1 + -1)/(-1)*-1. Suppose p = 2*d + 4 - 8. List the prime factors of d.
2
Let f be 123/12 + 1/(-4). Suppose -5*u + f + 0 = 0. Suppose -6*n - u*w + 42 = -2*n, 0 = -2*n - 2*w + 18. What are the prime factors of n?
2, 3
Let u = -13 + 21. Suppose -5*g + 32 = z, 3*g - 4*g - u = -z. What are the prime factors of z?
2, 3
Suppose 0 = 2*l + 5*o - 8, 1 = -l + 4*l + 2*o. Let m = l + 3. Suppose w + 2*w = -4*a + 10, -a - m = 0. What are the prime factors of w?
2, 3
Let b(w) be the second derivative of w**6/360 + w**5/15 - w**4/6 - w**3/2 - w. Let y(q) be the second derivative of b(q). List the prime factors of y(-9).
5
Let l(m) = m**2 + 9*m + 10. Let x(u) = -3*u**2 + 2*u - 1. Let c be x(2). Let g be l(c). Let v = -4 + g. What are the prime factors of v?
2, 3
Let h(c) = 5*c. Let t(p) = -p. Let z(a) = h(a) + 4*t(a). Let m(w) = 6*w - 14. Let q(o) = -m(o) + 5*z(o). List the prime factors of q(6).
2
Suppose 5778 + 1556 = 19*l. List the prime factors of l.
2, 193
Let w(u) = u**3 + 10*u**2 + 9*u - 12. Let h(l) = l**3 + 10*l**2 + 9*l - 13. Let o(t) = 3*h(t) - 4*w(t). List the prime factors of o(-9).
3
Let n(o) be the second derivative of o**4/12 + o**3/2 + o**2/2 - 2*o. Let p be 5*((-4)/5 - 0). List the prime factors of n(p).
5
Let t(n) = -n**3 - 19*n**2 - 10*n - 21. What are the prime factors of t(-19)?
13
Let l(i) = -i - 8. Let q be l(0). Let x be (-6 - -5)/(1/(-13)). Let o = q + x. What are the prime factors of o?
5
What are the prime factors of 0 + 1 + -2 - -25?
2, 3
Suppose -p + 12 = 3*p. Let u(l) = -l**3 - 6*l**2 - 6*l - 1. Let n be u(-5). Suppose -b - 5*o + 4 = 2, -25 = -p*b + n*o. List the prime factors of b.
7
Let x(o) = o**2 + 16. Let i = -4 + 4. Let u be x(i). Suppose -4*b - 3 = 5, u = 4*l - 2*b. List the prime factors of l.
3
Suppose 36*c = 30*c + 348. What are the prime factors of c?
2, 29
Let b(m) = m + 1. Let v be b(4). Let j be -2*(10/(-4))/v. List the prime factors of j*(0 + 2) - -9.
11
What are the prime factors of 24*1*(-1 - -2)?
2, 3
Suppose 5*a - 52 - 223 = 0. List the prime factors of a.
5, 11
Suppose -4*p + 318 = -290. What are the prime factors of p?
2, 19
Let i(d) be the second derivative of -d**5/20 - 7*d**4/12 - d**3/6 - 5*d**2/2 - 4*d. List the prime factors of i(-7).
2
Suppose -11*s = -6*s - 490. List the prime factors of s.
2, 7
Let x be -1*2*(-7)/(-2). Suppose o - 5 = 0, 2*i + 5*o = 4 + 53. Let j = i + x. List the prime factors of j.
3
Let v be (20/6)/((-4)/(-6)). Suppose 0 = -4*y - 2*n + 22, 0 = -4*y - n + 2*n + 7. Suppose v*x - 14 = -h, -6*x + 42 = y*h - x. What are the prime factors of h?
2, 7
Let t = 3 + 32. List the prime factors of t.
5, 7
Let r(w) = w + 10. Let n be r(-8). Let z(d) = n*d**2 - 2 + d + 1 - 1. What are the prime factors of z(2)?
2
Suppose 14 = 3*w - 361. What are the prime factors of w?
5
Let y be (-1 + (2 - 1))/2. Let j = y - -2. Suppose -11 - 11 = -j*d. List the prime factors of d.
11
Let i(w) = -w + 5. Let a = -3 - 3. Let n be i(a). Suppose -4*o + 83 = 5*d + n, 3*o = 9. What are the prime factors of d?
2, 3
Let u(k) = -2*k**2 - 7 + k**2 + 8*k - 1. What are the prime factors of u(6)?
2
Let a(q) = -q**3 - 5*q**2 + q - 8. Let h = 14 - 20. List the prime factors of a(h).
2, 11
Let l = 37 - 42. Suppose -5*p - 4*s - 74 = 0, -4*p - 88 = -0*p - 4*s. Let h = l - p. List the prime factors of h.
13